-- Table structure for table `semaphore`
--

CREATE TABLE `semaphore` (
  `name` varchar(255) CHARACTER SET ascii NOT NULL DEFAULT '' COMMENT 'Primary Key: Unique name.',
  `value` varchar(255) CHARACTER SET ascii NOT NULL DEFAULT '' COMMENT 'A value for the semaphore.',
  `expire` double NOT NULL COMMENT 'A Unix timestamp with microseconds indicating when the semaphore should expire.'
) ENGINE=InnoDB DEFAULT CHARSET=utf8mb4 COMMENT='Table for holding semaphores, locks, flags, etc. that…';

-- --------------------------------------------------------

--
-- Table structure for table `sequences`
--

CREATE TABLE `sequences` (
  `value` int(10) UNSIGNED NOT NULL COMMENT 'The value of the sequence.'
) ENGINE=InnoDB DEFAULT CHARSET=utf8mb4 COMMENT='Stores IDs.';

--
-- Dumping data for table `sequences`
--

INSERT INTO `sequences` (`value`) VALUES
(9);

-- --------------------------------------------------------

--
-- Table structure for table `sessions`
--

CREATE TABLE `sessions` (
  `uid` int(10) UNSIGNED NOT NULL COMMENT 'The users.uid corresponding to a session, or 0 for anonymous user.',
  `sid` varchar(128) CHARACTER SET ascii NOT NULL COMMENT 'A session ID (hashed). The value is generated by Drupal''s session handlers.',
  `hostname` varchar(128) CHARACTER SET ascii NOT NULL DEFAULT '' COMMENT 'The IP address that last used this session ID (sid).',
  `timestamp` int(11) NOT NULL DEFAULT '0' COMMENT 'The Unix timestamp when this session last requested a page. Old records are purged by PHP automatically.',
  `session` longblob COMMENT 'The serialized contents of $_SESSION, an array of name/value pairs that persists across page requests by this session ID. Drupal loads $_SESSION from here at the start of each request and saves it at the end.'
) ENGINE=InnoDB DEFAULT CHARSET=utf8mb4 COMMENT='Drupal''s session handlers read and write into the sessions…';

--
-- Dumping data for table `sessions`
--

INSERT INTO `sessions` (`uid`, `sid`, `hostname`, `timestamp`, `session`) VALUES
(1, 'CHng0WVRlDvm0g5u4VlU01eulIcojSay_R1Es7D9J5I', '68.6.68.16', 1552367305, 0x5f7366325f617474726962757465737c613a313a7b733a333a22756964223b733a313a2231223b7d5f7366325f6d6574617c613a343a7b733a313a2275223b693a313535323336373139393b733a313a2263223b693a313535323335313936373b733a313a226c223b733a373a2232303030303030223b733a313a2273223b733a34333a224868703332656d524f536777794564624a3675765a7768587042356a68696e3448504365784232456b6b41223b7d);

-- --------------------------------------------------------

--
-- Table structure for table `shortcut`
--

CREATE TABLE `shortcut` (
  `id` int(10) UNSIGNED NOT NULL,
  `shortcut_set` varchar(32) CHARACTER SET ascii NOT NULL COMMENT 'The ID of the target entity.',
  `uuid` varchar(128) CHARACTER SET ascii NOT NULL,
  `langcode` varchar(12) CHARACTER SET ascii NOT NULL
) ENGINE=InnoDB DEFAULT CHARSET=utf8mb4 COMMENT='The base table for shortcut entities.';

--
-- Dumping data for table `shortcut`
--

INSERT INTO `shortcut` (`id`, `shortcut_set`, `uuid`, `langcode`) VALUES
(1, 'default', 'f97c013f-feb5-41a1-b89c-9aa48c6f718a', 'en'),
(2, 'default', '14c3e1f7-4076-470c-a511-c4752c173099', 'en');

-- --------------------------------------------------------

--
-- Table structure for table `shortcut_field_data`
--

CREATE TABLE `shortcut_field_data` (
  `id` int(10) UNSIGNED NOT NULL,
  `shortcut_set` varchar(32) CHARACTER SET ascii NOT NULL COMMENT 'The ID of the target entity.',
  `langcode` varchar(12) CHARACTER SET ascii NOT NULL,
  `title` varchar(255) DEFAULT NULL,
  `weight` int(11) DEFAULT NULL,
  `link__uri` varchar(2048) DEFAULT NULL COMMENT 'The URI of the link.',
  `link__title` varchar(255) DEFAULT NULL COMMENT 'The link text.',
  `link__options` longblob COMMENT 'Serialized array of options for the link.',
  `default_langcode` tinyint(4) NOT NULL
) ENGINE=InnoDB DEFAULT CHARSET=utf8mb4 COMMENT='The data table for shortcut entities.';

--
-- Dumping data for table `shortcut_field_data`
--

INSERT INTO `shortcut_field_data` (`id`, `shortcut_set`, `langcode`, `title`, `weight`, `link__uri`, `link__title`, `link__options`, `default_langcode`) VALUES
(1, 'default', 'en', 'Add content', -20, 'internal:/node/add', NULL, 0x613a303a7b7d, 1),
(2, 'default', 'en', 'All content', -19, 'internal:/admin/content', NULL, 0x613a303a7b7d, 1);

-- --------------------------------------------------------

--
-- Table structure for table `shortcut_set_users`
--

CREATE TABLE `shortcut_set_users` (
  `uid` int(10) UNSIGNED NOT NULL DEFAULT '0' COMMENT 'The users.uid for this set.',
  `set_name` varchar(32) CHARACTER SET ascii NOT NULL DEFAULT '' COMMENT 'The shortcut_set.set_name that will be displayed for this user.'
) ENGINE=InnoDB DEFAULT CHARSET=utf8mb4 COMMENT='Maps users to shortcut sets.';

-- --------------------------------------------------------

--
-- Table structure for table `simplenews_mail_spool`
--

CREATE TABLE `simplenews_mail_spool` (
  `msid` int(10) UNSIGNED NOT NULL COMMENT 'The primary identifier for a mail spool record.',
  `mail` varchar(255) NOT NULL DEFAULT '' COMMENT 'The formatted email address of mail message recipient.',
  `entity_type` varchar(255) NOT NULL DEFAULT '' COMMENT 'The entity type of this newsletter issue.',
  `entity_id` int(11) NOT NULL DEFAULT '0' COMMENT 'The entity id of this newsletter issue.',
  `newsletter_id` varchar(255) NOT NULL DEFAULT '' COMMENT 'The simplenews_newsletter.id this issue belongs to.',
  `status` tinyint(3) UNSIGNED NOT NULL DEFAULT '0' COMMENT 'The sent status of the email (0 = hold, 1 = pending, 2 = done).',
  `error` tinyint(4) NOT NULL DEFAULT '0' COMMENT 'A boolean indicating whether an error occured while sending the email.',
  `timestamp` int(10) UNSIGNED NOT NULL DEFAULT '0' COMMENT 'The time status was set or changed.',
  `data` longtext COMMENT 'A serialized array of name value pairs that are related to the email address.',
  `snid` int(11) NOT NULL DEFAULT '0' COMMENT 'Foreign key for subscriber table (simplenews_subscriber.id)'
) ENGINE=InnoDB DEFAULT CHARSET=utf8mb4 COMMENT='Spool for temporary storage of newsletter emails.';

-- --------------------------------------------------------

--
-- Table structure for table `simplenews_subscriber`
--

CREATE TABLE `simplenews_subscriber` (
  `id` int(10) UNSIGNED NOT NULL,
  `uuid` varchar(128) CHARACTER SET ascii DEFAULT NULL,
  `status` tinyint(4) DEFAULT NULL,
  `mail` varchar(254) DEFAULT NULL,
  `uid` int(10) UNSIGNED DEFAULT NULL COMMENT 'The ID of the target entity.',
  `langcode` varchar(12) CHARACTER SET ascii DEFAULT NULL,
  `changes` longtext,
  `created` int(11) DEFAULT NULL
) ENGINE=InnoDB DEFAULT CHARSET=utf8mb4 COMMENT='The base table for simplenews_subscriber entities.';

-- --------------------------------------------------------

--
-- Table structure for table `simplenews_subscriber__subscriptions`
--

CREATE TABLE `simplenews_subscriber__subscriptions` (
  `bundle` varchar(128) CHARACTER SET ascii NOT NULL DEFAULT '' COMMENT 'The field instance bundle to which this row belongs, used when deleting a field instance',
  `deleted` tinyint(4) NOT NULL DEFAULT '0' COMMENT 'A boolean indicating whether this data item has been deleted',
  `entity_id` int(10) UNSIGNED NOT NULL COMMENT 'The entity id this data is attached to',
  `revision_id` int(10) UNSIGNED NOT NULL COMMENT 'The entity revision id this data is attached to, which for an unversioned entity type is the same as the entity id',
  `langcode` varchar(32) CHARACTER SET ascii NOT NULL DEFAULT '' COMMENT 'The language code for this data item.',
  `delta` int(10) UNSIGNED NOT NULL COMMENT 'The sequence number for this data item, used for multi-value fields',
  `subscriptions_target_id` varchar(255) CHARACTER SET ascii NOT NULL COMMENT 'The ID of the target entity.',
  `subscriptions_status` tinyint(4) DEFAULT NULL COMMENT 'A flag indicating whether the user is subscribed (1) or unsubscribed (0).',
  `subscriptions_timestamp` int(10) UNSIGNED DEFAULT NULL COMMENT 'UNIX timestamp of when the user is (un)subscribed.',
  `subscriptions_source` varchar(24) DEFAULT NULL COMMENT 'The source via which the user is (un)subscription.'
) ENGINE=InnoDB DEFAULT CHARSET=utf8mb4 COMMENT='Data storage for simplenews_subscriber field subscriptions.';

-- --------------------------------------------------------

--
-- Table structure for table `taxonomy_index`
--

CREATE TABLE `taxonomy_index` (
  `nid` int(10) UNSIGNED NOT NULL DEFAULT '0' COMMENT 'The node.nid this record tracks.',
  `tid` int(10) UNSIGNED NOT NULL DEFAULT '0' COMMENT 'The term ID.',
  `status` int(11) NOT NULL DEFAULT '1' COMMENT 'Boolean indicating whether the node is published (visible to non-administrators).',
  `sticky` tinyint(4) DEFAULT '0' COMMENT 'Boolean indicating whether the node is sticky.',
  `created` int(11) NOT NULL DEFAULT '0' COMMENT 'The Unix timestamp when the node was created.'
) ENGINE=InnoDB DEFAULT CHARSET=utf8mb4 COMMENT='Maintains denormalized information about node/term…';

--
-- Dumping data for table `taxonomy_index`
--

INSERT INTO `taxonomy_index` (`nid`, `tid`, `status`, `sticky`, `created`) VALUES
(27, 1, 1, 0, 1537259041),
(82, 1, 1, 0, 1541166151),
(238, 1, 1, 0, 1549255125),
(83, 2, 1, 0, 1541170769),
(226, 2, 1, 0, 1549082832),
(227, 2, 1, 0, 1549083047),
(242, 2, 1, 0, 1549292204),
(29, 3, 1, 0, 1538674265),
(211, 3, 1, 0, 1549074916),
(232, 3, 1, 0, 1549175012),
(30, 4, 1, 0, 1539528269),
(31, 7, 1, 0, 1539531400),
(32, 7, 1, 0, 1539531581),
(207, 7, 1, 0, 1549073657),
(209, 7, 1, 0, 1549073978),
(236, 7, 1, 0, 1549254138),
(33, 8, 1, 0, 1539531877),
(203, 8, 1, 0, 1549072642),
(204, 8, 1, 0, 1549072983),
(205, 8, 1, 0, 1549073357),
(206, 8, 1, 0, 1549073525),
(207, 8, 1, 0, 1549073657),
(208, 8, 1, 0, 1549073796),
(209, 8, 1, 0, 1549073978),
(210, 8, 1, 0, 1549074261),
(212, 8, 1, 0, 1549075095),
(233, 8, 1, 0, 1549179104),
(236, 8, 1, 0, 1549254138),
(36, 11, 1, 0, 1540034522),
(37, 11, 1, 0, 1540035259),
(87, 11, 1, 0, 1541180370),
(34, 12, 1, 0, 1539767296),
(35, 12, 1, 0, 1539849282),
(36, 12, 1, 0, 1540034522),
(86, 12, 1, 0, 1541180157),
(87, 12, 1, 0, 1541180370),
(88, 12, 1, 0, 1541180688),
(89, 12, 1, 0, 1541181190),
(213, 12, 1, 0, 1549076033),
(215, 12, 1, 0, 1549076529),
(216, 12, 1, 0, 1549076675),
(217, 12, 1, 0, 1549076853),
(218, 12, 1, 0, 1549076951),
(237, 12, 1, 0, 1549254944),
(239, 12, 1, 0, 1549256312),
(1, 13, 1, 0, 1537016454),
(2, 13, 1, 0, 1537132956),
(3, 13, 1, 0, 1537133300),
(9, 13, 1, 0, 1537134574),
(11, 13, 1, 0, 1537134911),
(67, 13, 1, 0, 1541089394),
(75, 13, 1, 0, 1541150084),
(103, 13, 1, 0, 1542286180),
(120, 13, 1, 0, 1543359199),
(121, 13, 1, 0, 1543359777),
(125, 13, 1, 0, 1543361588),
(164, 13, 1, 0, 1543410498),
(165, 13, 1, 0, 1543410989),
(167, 13, 1, 0, 1543431158),
(168, 13, 1, 0, 1543432588),
(170, 13, 1, 0, 1543434011),
(2, 14, 1, 0, 1537132956),
(4, 14, 1, 0, 1537133638),
(63, 14, 1, 0, 1541086733),
(75, 14, 1, 0, 1541150084),
(121, 14, 1, 0, 1543359777),
(163, 14, 1, 0, 1543410051),
(166, 14, 1, 0, 1543430734),
(170, 14, 1, 0, 1543434011),
(173, 14, 1, 0, 1543488689),
(174, 14, 1, 0, 1543489387),
(214, 14, 1, 0, 1549075927),
(3, 15, 1, 0, 1537133300),
(63, 15, 1, 0, 1541086733),
(81, 15, 1, 0, 1541164232),
(132, 15, 1, 0, 1543364437),
(138, 15, 1, 0, 1543366557),
(165, 15, 1, 0, 1543410989),
(166, 15, 1, 0, 1543430734),
(169, 15, 1, 0, 1543433675),
(214, 15, 1, 0, 1549075927),
(1, 16, 1, 0, 1537016454),
(11, 16, 1, 0, 1537134911),
(57, 16, 1, 0, 1541083981),
(120, 16, 1, 0, 1543359199),
(121, 16, 1, 0, 1543359777),
(164, 16, 1, 0, 1543410498),
(167, 16, 1, 0, 1543431158),
(168, 16, 1, 0, 1543432588),
(174, 16, 1, 0, 1543489387),
(4, 17, 1, 0, 1537133638),
(5, 17, 1, 0, 1537133830),
(7, 17, 1, 0, 1537134223),
(8, 17, 1, 0, 1537134377),
(10, 17, 1, 0, 1537134777),
(43, 17, 1, 0, 1541066453),
(67, 17, 1, 0, 1541089394),
(71, 17, 1, 0, 1541146778),
(81, 17, 1, 0, 1541164232),
(125, 17, 1, 0, 1543361588),
(132, 17, 1, 0, 1543364437),
(138, 17, 1, 0, 1543366557),
(169, 17, 1, 0, 1543433675),
(173, 17, 1, 0, 1543488689),
(5, 18, 1, 0, 1537133830),
(6, 18, 1, 0, 1537134039),
(57, 18, 1, 0, 1541083981),
(103, 18, 1, 0, 1542286180),
(6, 19, 1, 0, 1537134039),
(7, 19, 1, 0, 1537134223),
(8, 19, 1, 0, 1537134377),
(9, 19, 1, 0, 1537134574),
(10, 19, 1, 0, 1537134777),
(43, 19, 1, 0, 1541066453),
(71, 19, 1, 0, 1541146778),
(103, 19, 1, 0, 1542286180),
(107, 20, 1, 0, 1542290918),
(108, 20, 1, 0, 1542290984),
(109, 20, 1, 0, 1542291081),
(116, 21, 1, 0, 1542356317),
(117, 21, 1, 0, 1542375955),
(228, 21, 1, 0, 1549109297),
(229, 23, 1, 0, 1549110308),
(230, 23, 1, 0, 1549114199),
(1, 24, 1, 0, 1537016454),
(4, 24, 1, 0, 1537133638),
(5, 24, 1, 0, 1537133830),
(11, 24, 1, 0, 1537134911),
(81, 24, 1, 0, 1541164232),
(163, 24, 1, 0, 1543410051),
(3, 25, 1, 0, 1537133300),
(6, 25, 1, 0, 1537134039),
(7, 25, 1, 0, 1537134223),
(9, 25, 1, 0, 1537134574),
(10, 25, 1, 0, 1537134777),
(57, 25, 1, 0, 1541083981),
(67, 25, 1, 0, 1541089394),
(75, 25, 1, 0, 1541150084),
(120, 25, 1, 0, 1543359199),
(125, 25, 1, 0, 1543361588),
(132, 25, 1, 0, 1543364437),
(165, 25, 1, 0, 1543410989),
(167, 25, 1, 0, 1543431158),
(168, 25, 1, 0, 1543432588),
(169, 25, 1, 0, 1543433675),
(170, 25, 1, 0, 1543434011),
(173, 25, 1, 0, 1543488689),
(174, 25, 1, 0, 1543489387),
(214, 25, 1, 0, 1549075927),
(2, 27, 1, 0, 1537132956),
(8, 27, 1, 0, 1537134377),
(63, 27, 1, 0, 1541086733),
(71, 27, 1, 0, 1541146778),
(103, 27, 1, 0, 1542286180),
(138, 27, 1, 0, 1543366557),
(166, 27, 1, 0, 1543430734),
(43, 28, 1, 0, 1541066453),
(1, 30, 1, 0, 1537016454),
(2, 30, 1, 0, 1537132956),
(3, 30, 1, 0, 1537133300),
(4, 30, 1, 0, 1537133638),
(5, 30, 1, 0, 1537133830),
(6, 30, 1, 0, 1537134039),
(7, 30, 1, 0, 1537134223),
(8, 30, 1, 0, 1537134377),
(9, 30, 1, 0, 1537134574),
(10, 30, 1, 0, 1537134777),
(11, 30, 1, 0, 1537134911),
(43, 30, 1, 0, 1541066453),
(57, 30, 1, 0, 1541083981),
(63, 30, 1, 0, 1541086733),
(67, 30, 1, 0, 1541089394),
(71, 30, 1, 0, 1541146778),
(75, 30, 1, 0, 1541150084),
(81, 30, 1, 0, 1541164232),
(103, 30, 1, 0, 1542286180),
(120, 30, 1, 0, 1543359199),
(121, 30, 1, 0, 1543359777),
(125, 30, 1, 0, 1543361588),
(132, 30, 1, 0, 1543364437),
(138, 30, 1, 0, 1543366557),
(164, 30, 1, 0, 1543410498),
(165, 30, 1, 0, 1543410989),
(166, 30, 1, 0, 1543430734),
(167, 30, 1, 0, 1543431158),
(173, 30, 1, 0, 1543488689),
(214, 30, 1, 0, 1549075927),
(7, 31, 1, 0, 1537134223),
(8, 31, 1, 0, 1537134377),
(10, 31, 1, 0, 1537134777),
(75, 31, 1, 0, 1541150084),
(138, 31, 1, 0, 1543366557),
(163, 31, 1, 0, 1543410051),
(164, 31, 1, 0, 1543410498),
(169, 31, 1, 0, 1543433675),
(174, 31, 1, 0, 1543489387),
(214, 31, 1, 0, 1549075927),
(1, 32, 1, 0, 1537016454),
(2, 32, 1, 0, 1537132956),
(3, 32, 1, 0, 1537133300),
(4, 32, 1, 0, 1537133638),
(5, 32, 1, 0, 1537133830),
(6, 32, 1, 0, 1537134039),
(7, 32, 1, 0, 1537134223),
(8, 32, 1, 0, 1537134377),
(9, 32, 1, 0, 1537134574),
(10, 32, 1, 0, 1537134777),
(11, 32, 1, 0, 1537134911),
(43, 32, 1, 0, 1541066453),
(57, 32, 1, 0, 1541083981),
(63, 32, 1, 0, 1541086733),
(67, 32, 1, 0, 1541089394),
(71, 32, 1, 0, 1541146778),
(75, 32, 1, 0, 1541150084),
(81, 32, 1, 0, 1541164232),
(103, 32, 1, 0, 1542286180),
(120, 32, 1, 0, 1543359199),
(121, 32, 1, 0, 1543359777),
(125, 32, 1, 0, 1543361588),
(132, 32, 1, 0, 1543364437),
(138, 32, 1, 0, 1543366557),
(164, 32, 1, 0, 1543410498),
(165, 32, 1, 0, 1543410989),
(166, 32, 1, 0, 1543430734),
(167, 32, 1, 0, 1543431158),
(168, 32, 1, 0, 1543432588),
(173, 32, 1, 0, 1543488689),
(174, 32, 1, 0, 1543489387),
(214, 32, 1, 0, 1549075927),
(164, 34, 1, 0, 1543410498),
(165, 39, 1, 0, 1543410989),
(138, 60, 1, 0, 1543366557),
(166, 60, 1, 0, 1543430734),
(2, 61, 1, 0, 1537132956),
(121, 62, 1, 0, 1543359777),
(5, 64, 1, 0, 1537133830),
(43, 65, 1, 0, 1541066453),
(121, 65, 1, 0, 1543359777),
(164, 65, 1, 0, 1543410498),
(168, 66, 1, 0, 1543432588);

-- --------------------------------------------------------

--
-- Table structure for table `taxonomy_term_data`
--

CREATE TABLE `taxonomy_term_data` (
  `tid` int(10) UNSIGNED NOT NULL,
  `vid` varchar(32) CHARACTER SET ascii NOT NULL COMMENT 'The ID of the target entity.',
  `uuid` varchar(128) CHARACTER SET ascii NOT NULL,
  `langcode` varchar(12) CHARACTER SET ascii NOT NULL
) ENGINE=InnoDB DEFAULT CHARSET=utf8mb4 COMMENT='The base table for taxonomy_term entities.';

--
-- Dumping data for table `taxonomy_term_data`
--

INSERT INTO `taxonomy_term_data` (`tid`, `vid`, `uuid`, `langcode`) VALUES
(1, 'profile_type', 'ef4e46fe-7e94-40d9-a420-66e556318211', 'en'),
(2, 'profile_type', 'b1769913-4999-4649-8cbc-0359ba0ed084', 'en'),
(3, 'story_type', 'c0f96466-ff72-4817-b2b5-dd676e542798', 'en'),
(4, 'story_type', '98a87ede-260d-44ba-b68a-83d1edca0881', 'en'),
(5, 'story_type', 'd1ed6fa4-a2aa-4f52-af5d-1bdc2e9d47cb', 'en'),
(6, 'story_type', 'df025e8c-b5af-4835-938a-7b1012e2183b', 'en'),
(7, 'story_type', '3e498ced-61bf-49b2-8286-b55bce2d0c99', 'en'),
(8, 'story_type', '945f4c63-5e4e-409e-bd7d-dbd6e6a83f30', 'en'),
(9, 'post_type', '228cf465-497c-4dd7-8d40-261f78dc3660', 'en'),
(10, 'post_type', '0de27ef5-32cd-4e3c-b03c-2be97270030f', 'en'),
(11, 'post_type', 'fbbe06c1-8452-4a00-9278-dd7994504440', 'en'),
(12, 'post_type', 'd5eac238-2d04-4af8-8637-30ba39dce16a', 'en'),
(13, 'thingtodo', 'dd498f5a-3404-403f-8a79-d16e0e3e1bbf', 'en'),
(14, 'thingtodo', 'd5d36809-813b-4709-823f-3eb92e3424e9', 'en'),
(15, 'thingtodo', '7610adf2-d52a-4be5-82b8-d40e193a120b', 'en'),
(16, 'thingtodo', '9e0083e3-5e29-4677-b268-217aba22d5b6', 'en'),
(17, 'thingtodo', '26e96724-9cc1-4905-8f25-1e5f424a5157', 'en'),
(18, 'thingtodo', 'fa232d48-335e-46b4-a345-fd7d5502747f', 'en'),
(19, 'thingtodo', '54a11cd5-3d6d-45a7-9db0-59060b275508', 'en'),
(20, 'schedule_item_type', '63a818c9-1a0d-409b-a0c4-ed3a9d16741a', 'en'),
(21, 'schedule_item_type', '9436c37c-bc45-4538-8685-60232c74f909', 'en'),
(22, 'schedule_item_type', '938749f9-502c-410e-a34f-0b69a5f5a7a9', 'en'),
(23, 'schedule_item_type', '4f4d79a4-5784-498a-a79b-0d6af8f7d8e4', 'en'),
(24, 'festival_type', '076a4407-2ca6-4e63-aef9-d73b31204d5c', 'en'),
(25, 'festival_type', '224faa0e-490d-414c-9f45-0506158e72bd', 'en'),
(26, 'festival_type', 'e749b9a3-df38-4ae4-b359-931073a5af13', 'en'),
(27, 'festival_type', 'ca4a060c-61d7-479b-8dc4-c06a78944897', 'en'),
(28, 'festival_type', '20dd57bc-55a9-4492-a02b-49917b344a4e', 'en'),
(29, 'festival_format', '1cd5c17a-e16c-4a87-98b3-66326ad27250', 'en'),
(30, 'festival_format', '28bed527-89f1-47a9-9539-30e41dae64c9', 'en'),
(31, 'festival_format', '537a1bcd-602d-4927-861a-589c14148c87', 'en'),
(32, 'festival_format', '6074d58e-2831-484a-82b2-7b5d0c6d5826', 'en'),
(33, 'festival_format', 'e6215a0a-b545-49c1-82cc-357c0249b89d', 'en'),
(34, 'festival_format', '2e067501-01d2-40e5-baec-19b6a8cbee1f', 'en'),
(35, 'festival_format', '538037ea-c466-4877-ac6b-01e0ef3e69c6', 'en'),
(36, 'festival_format', '6bd66b10-e8dd-4c1d-ab21-d437c5599d40', 'en'),
(37, 'festival_format', 'f069461b-a7a4-4b5d-99c7-a9bdcde61d67', 'en'),
(38, 'festival_format', '97b15f86-57c7-4532-af34-42685560da02', 'en'),
(39, 'festival_culture', '9522a004-a946-4b12-8486-56d975c080b1', 'en'),
(40, 'festival_culture', '6de48943-5e25-47df-9613-8491f7b58093', 'en'),
(41, 'festival_culture', 'fffebf68-8693-4f52-9835-f2c5a96b229e', 'en'),
(42, 'festival_culture', '19fdb3d4-0b9a-47c5-927d-a2ed46a4e8d8', 'en'),
(43, 'festival_culture', '4bb2eff5-18a0-4b9f-9b14-9935eeaeab23', 'en'),
(44, 'festival_culture', '59f4130e-0ff3-4898-91b9-91e7a99506ba', 'en'),
(45, 'festival_culture', '9dfdb134-24d3-4263-97a7-bd464446e28c', 'en'),
(46, 'festival_culture', 'd1cad12e-5a61-4d39-a4b9-a507e29fe9b7', 'en'),
(47, 'festival_culture', '91d6ecea-a33c-4ddf-92b4-379e18c6efc5', 'en'),
(48, 'festival_culture', '78f5cc5d-4c80-4ba8-981a-97ad749223de', 'en'),
(49, 'festival_culture', 'a2f5b708-a644-4e4f-a1a4-eb6a41f32a2e', 'en'),
(50, 'festival_culture', '6f32c9e6-6048-4ca9-9b9a-d5d792188385', 'en'),
(51, 'festival_culture', '9b013bcb-260c-45a2-8a7b-898f5595e09f', 'en'),
(52, 'festival_theme', '386b74a6-0cc3-4077-8103-80cf5abd09ee', 'en'),
(53, 'festival_theme', '565518de-1faf-4eb3-8845-4794b1be3fe0', 'en'),
(54, 'festival_theme', '6d731ccd-b738-4abb-b061-4184fa5302fa', 'en'),
(55, 'festival_theme', '7165ae9f-335c-4919-a95f-a8acae9955c1', 'en'),
(56, 'festival_theme', 'cb588716-191e-45c2-813a-685aec487a30', 'en'),
(57, 'festival_theme', '5e8bbb57-0581-453a-81ac-52247897c94e', 'en'),
(58, 'festival_theme', '172e4931-5aad-4958-abc7-671919e1063d', 'en'),
(59, 'festival_theme', '50189d15-75a1-4a60-a7cd-92c063ca9e23', 'en'),
(60, 'festival_theme', '5965183a-6342-49e6-9c03-881b18dba553', 'en'),
(61, 'festival_culture', '6387e7fb-7be7-4f51-b097-4907ae2ff757', 'en'),
(62, 'festival_culture', '105bf85e-762e-4b93-883c-6ef8116903a2', 'en'),
(63, 'festival_culture', '1bd83388-b976-4128-a55c-112537ba85cb', 'en'),
(64, 'festival_format', '1573d45d-e3cd-4be0-836a-11b355cf12eb', 'en'),
(65, 'festival_type', '2806b390-8fb3-428a-b780-1b5c6bbf1aad', 'en'),
(66, 'festival_theme', '2de12998-5121-48c1-a7cf-91aec4c229b0', 'en');

-- --------------------------------------------------------

--
-- Table structure for table `taxonomy_term_field_data`
--

CREATE TABLE `taxonomy_term_field_data` (
  `tid` int(10) UNSIGNED NOT NULL,
  `vid` varchar(32) CHARACTER SET ascii NOT NULL COMMENT 'The ID of the target entity.',
  `langcode` varchar(12) CHARACTER SET ascii NOT NULL,
  `status` tinyint(4) NOT NULL,
  `name` varchar(255) NOT NULL,
  `description__value` longtext,
  `description__format` varchar(255) CHARACTER SET ascii DEFAULT NULL,
  `weight` int(11) NOT NULL,
  `changed` int(11) DEFAULT NULL,
  `default_langcode` tinyint(4) NOT NULL
) ENGINE=InnoDB DEFAULT CHARSET=utf8mb4 COMMENT='The data table for taxonomy_term entities.';

--
-- Dumping data for table `taxonomy_term_field_data`
--

INSERT INTO `taxonomy_term_field_data` (`tid`, `vid`, `langcode`, `status`, `name`, `description__value`, `description__format`, `weight`, `changed`, `default_langcode`) VALUES
(1, 'profile_type', 'en', 1, 'Actor', NULL, NULL, 0, 1537258674, 1),
(2, 'profile_type', 'en', 1, 'Director', NULL, NULL, 0, 1537258686, 1),
(3, 'story_type', 'en', 1, 'Film Review', NULL, NULL, 0, 1538673767, 1),
(4, 'story_type', 'en', 1, 'Interview', NULL, NULL, 0, 1549604420, 1),
(5, 'story_type', 'en', 1, 'News', NULL, NULL, 0, 1549604442, 1),
(6, 'story_type', 'en', 1, 'General Article', NULL, NULL, 0, 1549604408, 1),
(7, 'story_type', 'en', 1, 'Awards', NULL, NULL, 0, 1549604363, 1),
(8, 'story_type', 'en', 1, 'Festival News', NULL, NULL, 0, 1549604389, 1),
(9, 'post_type', 'en', 1, 'EVENTS', NULL, NULL, 0, 1539849366, 1),
(10, 'post_type', 'en', 1, 'FILM', NULL, NULL, 2, 1539849393, 1),
(11, 'post_type', 'en', 1, 'PEOPLE', NULL, NULL, 3, 1539849393, 1),
(12, 'post_type', 'en', 1, 'FESTIVAL', NULL, NULL, 1, 1539849393, 1),
(13, 'thingtodo', 'en', 1, 'Siteseeing', NULL, NULL, 0, 1541683605, 1),
(14, 'thingtodo', 'en', 1, 'Food & Wine', NULL, NULL, 0, 1541517342, 1),
(15, 'thingtodo', 'en', 1, 'Outdoor Activities', NULL, NULL, 0, 1541516201, 1),
(16, 'thingtodo', 'en', 1, 'Arts', NULL, NULL, 0, 1541516222, 1),
(17, 'thingtodo', 'en', 1, 'Party', NULL, NULL, 0, 1541516233, 1),
(18, 'thingtodo', 'en', 1, 'Music', NULL, NULL, 0, 1541517984, 1),
(19, 'thingtodo', 'en', 1, 'Shopping', NULL, NULL, 0, 1541517465, 1),
(20, 'schedule_item_type', 'en', 1, 'Screening', NULL, NULL, 0, 1542274146, 1),
(21, 'schedule_item_type', 'en', 1, 'Meeting', NULL, NULL, 0, 1542274163, 1),
(22, 'schedule_item_type', 'en', 1, 'Party', NULL, NULL, 0, 1542274176, 1),
(23, 'schedule_item_type', 'en', 1, 'Presentation', NULL, NULL, 0, 1542274197, 1),
(24, 'festival_type', 'en', 1, 'Major Festival', NULL, NULL, 0, 1543227567, 1),
(25, 'festival_type', 'en', 1, 'City Festival', NULL, NULL, 0, 1543227578, 1),
(26, 'festival_type', 'en', 1, 'Theme Festival', NULL, NULL, 0, 1543227590, 1),
(27, 'festival_type', 'en', 1, 'Local Festival', NULL, NULL, 0, 1543227602, 1),
(28, 'festival_type', 'en', 1, 'Other', NULL, NULL, 0, 1543227608, 1),
(29, 'festival_format', 'en', 1, 'Animation', NULL, NULL, 0, 1543227652, 1),
(30, 'festival_format', 'en', 1, 'Features', NULL, NULL, 0, 1543227660, 1),
(31, 'festival_format', 'en', 1, 'Short Films', NULL, NULL, 0, 1543227674, 1),
(32, 'festival_format', 'en', 1, 'Documentaries', NULL, NULL, 0, 1543227690, 1),
(33, 'festival_format', 'en', 1, 'Music Videos', NULL, NULL, 0, 1543227700, 1),
(34, 'festival_format', 'en', 1, 'V.R', NULL, NULL, 0, 1543227737, 1),
(35, 'festival_format', 'en', 1, 'Experimental', NULL, NULL, 0, 1543227752, 1),
(36, 'festival_format', 'en', 1, 'Digital', NULL, NULL, 0, 1543227763, 1),
(37, 'festival_format', 'en', 1, 'Television', NULL, NULL, 0, 1543227776, 1),
(38, 'festival_format', 'en', 1, 'sVOD', '<p>Streaming (Video on Demand)</p>\r\n', 'basic_html', 0, 1543227803, 1),
(39, 'festival_culture', 'en', 1, 'African', NULL, NULL, 0, 1543228026, 1),
(40, 'festival_culture', 'en', 1, 'African-American', NULL, NULL, 0, 1543228038, 1),
(41, 'festival_culture', 'en', 1, 'Asian', NULL, NULL, 0, 1543228046, 1),
(42, 'festival_culture', 'en', 1, 'Asian-American', NULL, NULL, 0, 1543228056, 1),
(43, 'festival_culture', 'en', 1, 'Celtic', NULL, NULL, 0, 1543228067, 1),
(44, 'festival_culture', 'en', 1, 'Christian', NULL, NULL, 0, 1543228076, 1),
(45, 'festival_culture', 'en', 1, 'Indigenous', NULL, NULL, 0, 1543228088, 1),
(46, 'festival_culture', 'en', 1, 'Jewish', NULL, NULL, 0, 1543228102, 1),
(47, 'festival_culture', 'en', 1, 'Latin American', NULL, NULL, 0, 1543228112, 1),
(48, 'festival_culture', 'en', 1, 'LGBT', NULL, NULL, 0, 1543228125, 1),
(49, 'festival_culture', 'en', 1, 'Native American', NULL, NULL, 0, 1543228139, 1),
(50, 'festival_culture', 'en', 1, 'Women', NULL, NULL, 0, 1543228147, 1),
(51, 'festival_culture', 'en', 1, 'Student', NULL, NULL, 0, 1543228158, 1),
(52, 'festival_theme', 'en', 1, 'Architecture', NULL, NULL, 0, 1543326941, 1),
(53, 'festival_theme', 'en', 1, 'Children', NULL, NULL, 0, 1543326952, 1),
(54, 'festival_theme', 'en', 1, 'Environmental', NULL, NULL, 0, 1543326963, 1),
(55, 'festival_theme', 'en', 1, 'Outdoors', NULL, NULL, 0, 1543326972, 1),
(56, 'festival_theme', 'en', 1, 'Fantasy', NULL, NULL, 0, 1543326981, 1),
(57, 'festival_theme', 'en', 1, 'Horror', NULL, NULL, 0, 1543326989, 1),
(58, 'festival_theme', 'en', 1, 'Science Fiction', NULL, NULL, 0, 1543327001, 1),
(59, 'festival_theme', 'en', 1, 'Underground', NULL, NULL, 0, 1543327009, 1),
(60, 'festival_theme', 'en', 1, 'Alternative', NULL, NULL, 0, 1543327018, 1),
(61, 'festival_culture', 'en', 1, 'American', NULL, NULL, 0, 1543327710, 1),
(62, 'festival_culture', 'en', 1, 'French', NULL, NULL, 0, 1543327717, 1),
(63, 'festival_culture', 'en', 1, 'Italian', NULL, NULL, 0, 1543327725, 1),
(64, 'festival_format', 'en', 1, 'Live Music', NULL, NULL, 0, 1543328271, 1),
(65, 'festival_type', 'en', 1, 'Film Market', NULL, NULL, 0, 1543329066, 1),
(66, 'festival_theme', 'en', 1, 'Human Rights', NULL, NULL, 0, 1543432744, 1);

-- --------------------------------------------------------

--
-- Table structure for table `taxonomy_term__field_activity_sy`
--

CREATE TABLE `taxonomy_term__field_activity_sy` (
  `bundle` varchar(128) CHARACTER SET ascii NOT NULL DEFAULT '' COMMENT 'The field instance bundle to which this row belongs, used when deleting a field instance',
  `deleted` tinyint(4) NOT NULL DEFAULT '0' COMMENT 'A boolean indicating whether this data item has been deleted',
  `entity_id` int(10) UNSIGNED NOT NULL COMMENT 'The entity id this data is attached to',
  `revision_id` int(10) UNSIGNED NOT NULL COMMENT 'The entity revision id this data is attached to, which for an unversioned entity type is the same as the entity id',
  `langcode` varchar(32) CHARACTER SET ascii NOT NULL DEFAULT '' COMMENT 'The language code for this data item.',
  `delta` int(10) UNSIGNED NOT NULL COMMENT 'The sequence number for this data item, used for multi-value fields',
  `field_activity_sy_target_id` int(10) UNSIGNED NOT NULL COMMENT 'The ID of the file entity.',
  `field_activity_sy_alt` varchar(512) DEFAULT NULL COMMENT 'Alternative image text, for the image''s ''alt'' attribute.',
  `field_activity_sy_title` varchar(1024) DEFAULT NULL COMMENT 'Image title text, for the image''s ''title'' attribute.',
  `field_activity_sy_width` int(10) UNSIGNED DEFAULT NULL COMMENT 'The width of the image in pixels.',
  `field_activity_sy_height` int(10) UNSIGNED DEFAULT NULL COMMENT 'The height of the image in pixels.'
) ENGINE=InnoDB DEFAULT CHARSET=utf8mb4 COMMENT='Data storage for taxonomy_term field field_activity_sy.';

--
-- Dumping data for table `taxonomy_term__field_activity_sy`
--

INSERT INTO `taxonomy_term__field_activity_sy` (`bundle`, `deleted`, `entity_id`, `revision_id`, `langcode`, `delta`, `field_activity_sy_target_id`, `field_activity_sy_alt`, `field_activity_sy_title`, `field_activity_sy_width`, `field_activity_sy_height`) VALUES
('thingtodo', 0, 14, 14, 'en', 0, 241, 'Food and Wine', '', 128, 128),
('thingtodo', 0, 18, 18, 'en', 0, 244, 'Music', '', 128, 128),
('thingtodo', 0, 19, 19, 'en', 0, 242, 'Shopping', '', 128, 128);

-- --------------------------------------------------------

--
-- Table structure for table `taxonomy_term__field_category_columns`
--

CREATE TABLE `taxonomy_term__field_category_columns` (
  `bundle` varchar(128) CHARACTER SET ascii NOT NULL DEFAULT '' COMMENT 'The field instance bundle to which this row belongs, used when deleting a field instance',
  `deleted` tinyint(4) NOT NULL DEFAULT '0' COMMENT 'A boolean indicating whether this data item has been deleted',
  `entity_id` int(10) UNSIGNED NOT NULL COMMENT 'The entity id this data is attached to',
  `revision_id` int(10) UNSIGNED NOT NULL COMMENT 'The entity revision id this data is attached to, which for an unversioned entity type is the same as the entity id',
  `langcode` varchar(32) CHARACTER SET ascii NOT NULL DEFAULT '' COMMENT 'The language code for this data item.',
  `delta` int(10) UNSIGNED NOT NULL COMMENT 'The sequence number for this data item, used for multi-value fields',
  `field_category_columns_value` int(11) NOT NULL
) ENGINE=InnoDB DEFAULT CHARSET=utf8mb4 COMMENT='Data storage for taxonomy_term field field_category_columns.';

-- --------------------------------------------------------

--
-- Table structure for table `taxonomy_term__field_category_layout`
--

CREATE TABLE `taxonomy_term__field_category_layout` (
  `bundle` varchar(128) CHARACTER SET ascii NOT NULL DEFAULT '' COMMENT 'The field instance bundle to which this row belongs, used when deleting a field instance',
  `deleted` tinyint(4) NOT NULL DEFAULT '0' COMMENT 'A boolean indicating whether this data item has been deleted',
  `entity_id` int(10) UNSIGNED NOT NULL COMMENT 'The entity id this data is attached to',
  `revision_id` int(10) UNSIGNED NOT NULL COMMENT 'The entity revision id this data is attached to, which for an unversioned entity type is the same as the entity id',
  `langcode` varchar(32) CHARACTER SET ascii NOT NULL DEFAULT '' COMMENT 'The language code for this data item.',
  `delta` int(10) UNSIGNED NOT NULL COMMENT 'The sequence number for this data item, used for multi-value fields',
  `field_category_layout_value` varchar(255) NOT NULL
) ENGINE=InnoDB DEFAULT CHARSET=utf8mb4 COMMENT='Data storage for taxonomy_term field field_category_layout.';

-- --------------------------------------------------------

--
-- Table structure for table `taxonomy_term__field_short_post_type_color`
--

CREATE TABLE `taxonomy_term__field_short_post_type_color` (
  `bundle` varchar(128) CHARACTER SET ascii NOT NULL DEFAULT '' COMMENT 'The field instance bundle to which this row belongs, used when deleting a field instance',
  `deleted` tinyint(4) NOT NULL DEFAULT '0' COMMENT 'A boolean indicating whether this data item has been deleted',
  `entity_id` int(10) UNSIGNED NOT NULL COMMENT 'The entity id this data is attached to',
  `revision_id` int(10) UNSIGNED NOT NULL COMMENT 'The entity revision id this data is attached to, which for an unversioned entity type is the same as the entity id',
  `langcode` varchar(32) CHARACTER SET ascii NOT NULL DEFAULT '' COMMENT 'The language code for this data item.',
  `delta` int(10) UNSIGNED NOT NULL COMMENT 'The sequence number for this data item, used for multi-value fields',
  `field_short_post_type_color_value` varchar(255) NOT NULL
) ENGINE=InnoDB DEFAULT CHARSET=utf8mb4 COMMENT='Data storage for taxonomy_term field field_short_post_type…';

--
-- Dumping data for table `taxonomy_term__field_short_post_type_color`
--

INSERT INTO `taxonomy_term__field_short_post_type_color` (`bundle`, `deleted`, `entity_id`, `revision_id`, `langcode`, `delta`, `field_short_post_type_color_value`) VALUES
('post_type', 0, 9, 9, 'en', 0, 'green'),
('post_type', 0, 10, 10, 'en', 0, 'yellow'),
('post_type', 0, 11, 11, 'en', 0, 'orange'),
('post_type', 0, 12, 12, 'en', 0, 'red');

-- --------------------------------------------------------

--
-- Table structure for table `taxonomy_term__field_taxonomy_color`
--

CREATE TABLE `taxonomy_term__field_taxonomy_color` (
  `bundle` varchar(128) CHARACTER SET ascii NOT NULL DEFAULT '' COMMENT 'The field instance bundle to which this row belongs, used when deleting a field instance',
  `deleted` tinyint(4) NOT NULL DEFAULT '0' COMMENT 'A boolean indicating whether this data item has been deleted',
  `entity_id` int(10) UNSIGNED NOT NULL COMMENT 'The entity id this data is attached to',
  `revision_id` int(10) UNSIGNED NOT NULL COMMENT 'The entity revision id this data is attached to, which for an unversioned entity type is the same as the entity id',
  `langcode` varchar(32) CHARACTER SET ascii NOT NULL DEFAULT '' COMMENT 'The language code for this data item.',
  `delta` int(10) UNSIGNED NOT NULL COMMENT 'The sequence number for this data item, used for multi-value fields',
  `field_taxonomy_color_value` varchar(255) NOT NULL
) ENGINE=InnoDB DEFAULT CHARSET=utf8mb4 COMMENT='Data storage for taxonomy_term field field_taxonomy_color.';

-- --------------------------------------------------------

--
-- Table structure for table `taxonomy_term__field_taxonomy_color_story`
--

CREATE TABLE `taxonomy_term__field_taxonomy_color_story` (
  `bundle` varchar(128) CHARACTER SET ascii NOT NULL DEFAULT '' COMMENT 'The field instance bundle to which this row belongs, used when deleting a field instance',
  `deleted` tinyint(4) NOT NULL DEFAULT '0' COMMENT 'A boolean indicating whether this data item has been deleted',
  `entity_id` int(10) UNSIGNED NOT NULL COMMENT 'The entity id this data is attached to',
  `revision_id` int(10) UNSIGNED NOT NULL COMMENT 'The entity revision id this data is attached to, which for an unversioned entity type is the same as the entity id',
  `langcode` varchar(32) CHARACTER SET ascii NOT NULL DEFAULT '' COMMENT 'The language code for this data item.',
  `delta` int(10) UNSIGNED NOT NULL COMMENT 'The sequence number for this data item, used for multi-value fields',
  `field_taxonomy_color_story_value` varchar(255) NOT NULL
) ENGINE=InnoDB DEFAULT CHARSET=utf8mb4 COMMENT='Data storage for taxonomy_term field field_taxonomy_color…';

--
-- Dumping data for table `taxonomy_term__field_taxonomy_color_story`
--

INSERT INTO `taxonomy_term__field_taxonomy_color_story` (`bundle`, `deleted`, `entity_id`, `revision_id`, `langcode`, `delta`, `field_taxonomy_color_story_value`) VALUES
('story_type', 0, 4, 4, 'en', 0, 'blue'),
('story_type', 0, 5, 5, 'en', 0, 'dark-mint'),
('story_type', 0, 6, 6, 'en', 0, 'dark-mint'),
('story_type', 0, 7, 7, 'en', 0, 'red'),
('story_type', 0, 8, 8, 'en', 0, 'green');

-- --------------------------------------------------------

--
-- Table structure for table `taxonomy_term__parent`
--

CREATE TABLE `taxonomy_term__parent` (
  `bundle` varchar(128) CHARACTER SET ascii NOT NULL DEFAULT '' COMMENT 'The field instance bundle to which this row belongs, used when deleting a field instance',
  `deleted` tinyint(4) NOT NULL DEFAULT '0' COMMENT 'A boolean indicating whether this data item has been deleted',
  `entity_id` int(10) UNSIGNED NOT NULL COMMENT 'The entity id this data is attached to',
  `revision_id` int(10) UNSIGNED NOT NULL COMMENT 'The entity revision id this data is attached to, which for an unversioned entity type is the same as the entity id',
  `langcode` varchar(32) CHARACTER SET ascii NOT NULL DEFAULT '' COMMENT 'The language code for this data item.',
  `delta` int(10) UNSIGNED NOT NULL COMMENT 'The sequence number for this data item, used for multi-value fields',
  `parent_target_id` int(10) UNSIGNED NOT NULL COMMENT 'The ID of the target entity.'
) ENGINE=InnoDB DEFAULT CHARSET=utf8mb4 COMMENT='Data storage for taxonomy_term field parent.';

--
-- Dumping data for table `taxonomy_term__parent`
--

INSERT INTO `taxonomy_term__parent` (`bundle`, `deleted`, `entity_id`, `revision_id`, `langcode`, `delta`, `parent_target_id`) VALUES
('profile_type', 0, 1, 1, 'en', 0, 0),
('profile_type', 0, 2, 2, 'en', 0, 0),
('story_type', 0, 3, 3, 'en', 0, 0),
('story_type', 0, 4, 4, 'en', 0, 0),
('story_type', 0, 5, 5, 'en', 0, 0),
('story_type', 0, 6, 6, 'en', 0, 0),
('story_type', 0, 7, 7, 'en', 0, 0),
('story_type', 0, 8, 8, 'en', 0, 0),
('post_type', 0, 9, 9, 'en', 0, 0),
('post_type', 0, 10, 10, 'en', 0, 0),
('post_type', 0, 11, 11, 'en', 0, 0),
('post_type', 0, 12, 12, 'en', 0, 0),
('thingtodo', 0, 13, 13, 'en', 0, 0),
('thingtodo', 0, 14, 14, 'en', 0, 0),
('thingtodo', 0, 15, 15, 'en', 0, 0),
('thingtodo', 0, 16, 16, 'en', 0, 0),
('thingtodo', 0, 17, 17, 'en', 0, 0),
('thingtodo', 0, 18, 18, 'en', 0, 0),
('thingtodo', 0, 19, 19, 'en', 0, 0),
('schedule_item_type', 0, 20, 20, 'en', 0, 0),
('schedule_item_type', 0, 21, 21, 'en', 0, 0),
('schedule_item_type', 0, 22, 22, 'en', 0, 0),
('schedule_item_type', 0, 23, 23, 'en', 0, 0),
('festival_type', 0, 24, 24, 'en', 0, 0),
('festival_type', 0, 25, 25, 'en', 0, 0),
('festival_type', 0, 26, 26, 'en', 0, 0),
('festival_type', 0, 27, 27, 'en', 0, 0),
('festival_type', 0, 28, 28, 'en', 0, 0),
('festival_format', 0, 29, 29, 'en', 0, 0),
('festival_format', 0, 30, 30, 'en', 0, 0),
('festival_format', 0, 31, 31, 'en', 0, 0),
('festival_format', 0, 32, 32, 'en', 0, 0),
('festival_format', 0, 33, 33, 'en', 0, 0),
('festival_format', 0, 34, 34, 'en', 0, 0),
('festival_format', 0, 35, 35, 'en', 0, 0),
('festival_format', 0, 36, 36, 'en', 0, 0),
('festival_format', 0, 37, 37, 'en', 0, 0),
('festival_format', 0, 38, 38, 'en', 0, 0),
('festival_culture', 0, 39, 39, 'en', 0, 0),
('festival_culture', 0, 40, 40, 'en', 0, 0),
('festival_culture', 0, 41, 41, 'en', 0, 0),
('festival_culture', 0, 42, 42, 'en', 0, 0),
('festival_culture', 0, 43, 43, 'en', 0, 0),
('festival_culture', 0, 44, 44, 'en', 0, 0),
('festival_culture', 0, 45, 45, 'en', 0, 0),
('festival_culture', 0, 46, 46, 'en', 0, 0),
('festival_culture', 0, 47, 47, 'en', 0, 0),
('festival_culture', 0, 48, 48, 'en', 0, 0),
('festival_culture', 0, 49, 49, 'en', 0, 0),
('festival_culture', 0, 50, 50, 'en', 0, 0),
('festival_culture', 0, 51, 51, 'en', 0, 0),
('festival_theme', 0, 52, 52, 'en', 0, 0),
('festival_theme', 0, 53, 53, 'en', 0, 0),
('festival_theme', 0, 54, 54, 'en', 0, 0),
('festival_theme', 0, 55, 55, 'en', 0, 0),
('festival_theme', 0, 56, 56, 'en', 0, 0),
('festival_theme', 0, 57, 57, 'en', 0, 0),
('festival_theme', 0, 58, 58, 'en', 0, 0),
('festival_theme', 0, 59, 59, 'en', 0, 0),
('festival_theme', 0, 60, 60, 'en', 0, 0),
('festival_culture', 0, 61, 61, 'en', 0, 0),
('festival_culture', 0, 62, 62, 'en', 0, 0),
('festival_culture', 0, 63, 63, 'en', 0, 0),
('festival_format', 0, 64, 64, 'en', 0, 0),
('festival_type', 0, 65, 65, 'en', 0, 0),
('festival_theme', 0, 66, 66, 'en', 0, 0);

-- --------------------------------------------------------

--
-- Table structure for table `url_alias`
--

CREATE TABLE `url_alias` (
  `pid` int(10) UNSIGNED NOT NULL COMMENT 'A unique path alias identifier.',
  `source` varchar(255) NOT NULL DEFAULT '' COMMENT 'The Drupal path this alias is for. e.g. node/12.',
  `alias` varchar(255) NOT NULL DEFAULT '' COMMENT 'The alias for this path. e.g. title-of-the-story.',
  `langcode` varchar(12) CHARACTER SET ascii NOT NULL DEFAULT '' COMMENT 'The language code this alias is for. if ''und'', the alias will be used for unknown languages. Each Drupal path can have an alias for each supported language.'
) ENGINE=InnoDB DEFAULT CHARSET=utf8mb4 COMMENT='A list of URL aliases for Drupal paths. a user may visit…';

--
-- Dumping data for table `url_alias`
--

INSERT INTO `url_alias` (`pid`, `source`, `alias`, `langcode`) VALUES
(1, '/node/26', '/home1', 'en'),
(2, '/node/202', '/homea', 'en');

-- --------------------------------------------------------

--
-- Table structure for table `users`
--

CREATE TABLE `users` (
  `uid` int(10) UNSIGNED NOT NULL,
  `uuid` varchar(128) CHARACTER SET ascii NOT NULL,
  `langcode` varchar(12) CHARACTER SET ascii NOT NULL
) ENGINE=InnoDB DEFAULT CHARSET=utf8mb4 COMMENT='The base table for user entities.';

--
-- Dumping data for table `users`
--

INSERT INTO `users` (`uid`, `uuid`, `langcode`) VALUES
(0, 'def4770c-41e7-4bd8-a038-fe35a1a2abbe', 'en'),
(1, 'b15d8521-e05e-473c-a52a-de3630acffb0', 'en'),
(8, '15e57eea-b21d-4479-9dba-d1ae60d9f603', 'en'),
(9, '6c9a67f5-3d08-48f5-a023-3955301f4ede', 'en');

-- --------------------------------------------------------

--
-- Table structure for table `users_data`
--

CREATE TABLE `users_data` (
  `uid` int(10) UNSIGNED NOT NULL DEFAULT '0' COMMENT 'Primary key: users.uid for user.',
  `module` varchar(50) CHARACTER SET ascii NOT NULL DEFAULT '' COMMENT 'The name of the module declaring the variable.',
  `name` varchar(128) CHARACTER SET ascii NOT NULL DEFAULT '' COMMENT 'The identifier of the data.',
  `value` longblob COMMENT 'The value.',
  `serialized` tinyint(3) UNSIGNED DEFAULT '0' COMMENT 'Whether value is serialized.'
) ENGINE=InnoDB DEFAULT CHARSET=utf8mb4 COMMENT='Stores module data as key/value pairs per user.';

--
-- Dumping data for table `users_data`
--

INSERT INTO `users_data` (`uid`, `module`, `name`, `value`, `serialized`) VALUES
(8, 'contact', 'enabled', 0x30, 0),
(9, 'contact', 'enabled', 0x31, 0);

-- --------------------------------------------------------

--
-- Table structure for table `user__field_full_name`
--

CREATE TABLE `user__field_full_name` (
  `bundle` varchar(128) CHARACTER SET ascii NOT NULL DEFAULT '' COMMENT 'The field instance bundle to which this row belongs, used when deleting a field instance',
  `deleted` tinyint(4) NOT NULL DEFAULT '0' COMMENT 'A boolean indicating whether this data item has been deleted',
  `entity_id` int(10) UNSIGNED NOT NULL COMMENT 'The entity id this data is attached to',
  `revision_id` int(10) UNSIGNED NOT NULL COMMENT 'The entity revision id this data is attached to, which for an unversioned entity type is the same as the entity id',
  `langcode` varchar(32) CHARACTER SET ascii NOT NULL DEFAULT '' COMMENT 'The language code for this data item.',
  `delta` int(10) UNSIGNED NOT NULL COMMENT 'The sequence number for this data item, used for multi-value fields',
  `field_full_name_value` varchar(255) NOT NULL
) ENGINE=InnoDB DEFAULT CHARSET=utf8mb4 COMMENT='Data storage for user field field_full_name.';

-- --------------------------------------------------------

--
-- Table structure for table `user__field_user_body`
--

CREATE TABLE `user__field_user_body` (
  `bundle` varchar(128) CHARACTER SET ascii NOT NULL DEFAULT '' COMMENT 'The field instance bundle to which this row belongs, used when deleting a field instance',
  `deleted` tinyint(4) NOT NULL DEFAULT '0' COMMENT 'A boolean indicating whether this data item has been deleted',
  `entity_id` int(10) UNSIGNED NOT NULL COMMENT 'The entity id this data is attached to',
  `revision_id` int(10) UNSIGNED NOT NULL COMMENT 'The entity revision id this data is attached to, which for an unversioned entity type is the same as the entity id',
  `langcode` varchar(32) CHARACTER SET ascii NOT NULL DEFAULT '' COMMENT 'The language code for this data item.',
  `delta` int(10) UNSIGNED NOT NULL COMMENT 'The sequence number for this data item, used for multi-value fields',
  `field_user_body_value` longtext NOT NULL
) ENGINE=InnoDB DEFAULT CHARSET=utf8mb4 COMMENT='Data storage for user field field_user_body.';

-- --------------------------------------------------------

--
-- Table structure for table `user__field_user_position`
--

CREATE TABLE `user__field_user_position` (
  `bundle` varchar(128) CHARACTER SET ascii NOT NULL DEFAULT '' COMMENT 'The field instance bundle to which this row belongs, used when deleting a field instance',
  `deleted` tinyint(4) NOT NULL DEFAULT '0' COMMENT 'A boolean indicating whether this data item has been deleted',
  `entity_id` int(10) UNSIGNED NOT NULL COMMENT 'The entity id this data is attached to',
  `revision_id` int(10) UNSIGNED NOT NULL COMMENT 'The entity revision id this data is attached to, which for an unversioned entity type is the same as the entity id',
  `langcode` varchar(32) CHARACTER SET ascii NOT NULL DEFAULT '' COMMENT 'The language code for this data item.',
  `delta` int(10) UNSIGNED NOT NULL COMMENT 'The sequence number for this data item, used for multi-value fields',
  `field_user_position_value` varchar(255) NOT NULL
) ENGINE=InnoDB DEFAULT CHARSET=utf8mb4 COMMENT='Data storage for user field field_user_position.';

-- --------------------------------------------------------

--
-- Table structure for table `user__roles`
--

CREATE TABLE `user__roles` (
  `bundle` varchar(128) CHARACTER SET ascii NOT NULL DEFAULT '' COMMENT 'The field instance bundle to which this row belongs, used when deleting a field instance',
  `deleted` tinyint(4) NOT NULL DEFAULT '0' COMMENT 'A boolean indicating whether this data item has been deleted',
  `entity_id` int(10) UNSIGNED NOT NULL COMMENT 'The entity id this data is attached to',
  `revision_id` int(10) UNSIGNED NOT NULL COMMENT 'The entity revision id this data is attached to, which for an unversioned entity type is the same as the entity id',
  `langcode` varchar(32) CHARACTER SET ascii NOT NULL DEFAULT '' COMMENT 'The language code for this data item.',
  `delta` int(10) UNSIGNED NOT NULL COMMENT 'The sequence number for this data item, used for multi-value fields',
  `roles_target_id` varchar(255) CHARACTER SET ascii NOT NULL COMMENT 'The ID of the target entity.'
) ENGINE=InnoDB DEFAULT CHARSET=utf8mb4 COMMENT='Data storage for user field roles.';

--
-- Dumping data for table `user__roles`
--

INSERT INTO `user__roles` (`bundle`, `deleted`, `entity_id`, `revision_id`, `langcode`, `delta`, `roles_target_id`) VALUES
('user', 0, 1, 1, 'en', 0, 'administrator'),
('user', 0, 8, 8, 'en', 0, 'administrator');

-- --------------------------------------------------------

--
-- Table structure for table `user__user_picture`
--

CREATE TABLE `user__user_picture` (
  `bundle` varchar(128) CHARACTER SET ascii NOT NULL DEFAULT '' COMMENT 'The field instance bundle to which this row belongs, used when deleting a field instance',
  `deleted` tinyint(4) NOT NULL DEFAULT '0' COMMENT 'A boolean indicating whether this data item has been deleted',
  `entity_id` int(10) UNSIGNED NOT NULL COMMENT 'The entity id this data is attached to',
  `revision_id` int(10) UNSIGNED NOT NULL COMMENT 'The entity revision id this data is attached to, which for an unversioned entity type is the same as the entity id',
  `langcode` varchar(32) CHARACTER SET ascii NOT NULL DEFAULT '' COMMENT 'The language code for this data item.',
  `delta` int(10) UNSIGNED NOT NULL COMMENT 'The sequence number for this data item, used for multi-value fields',
  `user_picture_target_id` int(10) UNSIGNED NOT NULL COMMENT 'The ID of the file entity.',
  `user_picture_alt` varchar(512) DEFAULT NULL COMMENT 'Alternative image text, for the image''s ''alt'' attribute.',
  `user_picture_title` varchar(1024) DEFAULT NULL COMMENT 'Image title text, for the image''s ''title'' attribute.',
  `user_picture_width` int(10) UNSIGNED DEFAULT NULL COMMENT 'The width of the image in pixels.',
  `user_picture_height` int(10) UNSIGNED DEFAULT NULL COMMENT 'The height of the image in pixels.'
) ENGINE=InnoDB DEFAULT CHARSET=utf8mb4 COMMENT='Data storage for user field user_picture.';

--
-- Dumping data for table `user__user_picture`
--

INSERT INTO `user__user_picture` (`bundle`, `deleted`, `entity_id`, `revision_id`, `langcode`, `delta`, `user_picture_target_id`, `user_picture_alt`, `user_picture_title`, `user_picture_width`, `user_picture_height`) VALUES
('user', 0, 9, 9, 'en', 0, 349, '', '', 600, 469);

-- --------------------------------------------------------

--
-- Table structure for table `watchdog`
--

CREATE TABLE `watchdog` (
  `wid` int(11) NOT NULL COMMENT 'Primary Key: Unique watchdog event ID.',
  `uid` int(10) UNSIGNED NOT NULL DEFAULT '0' COMMENT 'The users.uid of the user who triggered the event.',
  `type` varchar(64) CHARACTER SET ascii NOT NULL DEFAULT '' COMMENT 'Type of log message, for example "user" or "page not found."',
  `message` longtext NOT NULL COMMENT 'Text of log message to be passed into the t() function.',
  `variables` longblob NOT NULL COMMENT 'Serialized array of variables that match the message string and that is passed into the t() function.',
  `severity` tinyint(3) UNSIGNED NOT NULL DEFAULT '0' COMMENT 'The severity level of the event. ranges from 0 (Emergency) to 7 (Debug)',
  `link` text COMMENT 'Link to view the result of the event.',
  `location` text NOT NULL COMMENT 'URL of the origin of the event.',
  `referer` text COMMENT 'URL of referring page.',
  `hostname` varchar(128) CHARACTER SET ascii NOT NULL DEFAULT '' COMMENT 'Hostname of the user who triggered the event.',
  `timestamp` int(11) NOT NULL DEFAULT '0' COMMENT 'Unix timestamp of when event occurred.'
) ENGINE=InnoDB DEFAULT CHARSET=utf8mb4 COMMENT='Table that contains logs of all system events.';

--
-- Dumping data for table `watchdog`
--

INSERT INTO `watchdog` (`wid`, `uid`, `type`, `message`, `variables`, `severity`, `link`, `location`, `referer`, `hostname`, `timestamp`) VALUES
(12026, 0, 'php', '%type: @message in %function (line %line of %file) @backtrace_string.', 0x[encoded data, 23690 characters], 5, '', 'http://gbmm.com/f/home1?destination=%2Ff%2Fhome1', 'http://gbmm.com/f/', '68.6.107.219', 1552146153),
(12027, 0, 'php', '%type: @message in %function (line %line of %file) @backtrace_string.', 0x[encoded data, 23690 characters], 5, '', 'http://gbmm.com/f/home1?destination=%2Ff%2Fhome1', 'http://gbmm.com/f/', '68.6.107.219', 1552146153);
INSERT INTO `watchdog` (`wid`, `uid`, `type`, `message`, `variables`, `severity`, `link`, `location`, `referer`, `hostname`, `timestamp`) VALUES
(12028, 0, 'php', '%type: @message in %function (line %line of %file) @backtrace_string.', 0x[encoded data, 23690 characters], 5, '', 'http://gbmm.com/f/home1?destination=%2Ff%2Fhome1', 'http://gbmm.com/f/', '68.6.107.219', 1552146153),
(12029, 0, 'php', '%type: @message in %function (line %line of %file) @backtrace_string.', 0x[encoded data, 23690 characters], 5, '', 'http://gbmm.com/f/home1?destination=%2Ff%2Fhome1', 'http://gbmm.com/f/', '68.6.107.219', 1552146153);
INSERT INTO `watchdog` (`wid`, `uid`, `type`, `message`, `variables`, `severity`, `link`, `location`, `referer`, `hostname`, `timestamp`) VALUES
(12030, 0, 'php', '%type: @message in %function (line %line of %file) @backtrace_string.', 0x[encoded data, 23690 characters], 5, '', 'http://gbmm.com/f/home1?destination=%2Ff%2Fhome1', 'http://gbmm.com/f/', '68.6.107.219', 1552146153),
(12031, 0, 'php', '%type: @message in %function (line %line of %file) @backtrace_string.', 0x[encoded data, 23690 characters], 5, '', 'http://gbmm.com/f/home1?destination=%2Ff%2Fhome1', 'http://gbmm.com/f/', '68.6.107.219', 1552146153);
INSERT INTO `watchdog` (`wid`, `uid`, `type`, `message`, `variables`, `severity`, `link`, `location`, `referer`, `hostname`, `timestamp`) VALUES
(12032, 0, 'php', '%type: @message in %function (line %line of %file) @backtrace_string.', 0x[encoded data, 23690 characters], 5, '', 'http://gbmm.com/f/home1?destination=%2Ff%2Fhome1', 'http://gbmm.com/f/', '68.6.107.219', 1552146153),
(12033, 0, 'php', '%type: @message in %function (line %line of %file) @backtrace_string.', 0x[encoded data, 23690 characters], 5, '', 'http://gbmm.com/f/home1?destination=%2Ff%2Fhome1', 'http://gbmm.com/f/', '68.6.107.219', 1552146153);
INSERT INTO `watchdog` (`wid`, `uid`, `type`, `message`, `variables`, `severity`, `link`, `location`, `referer`, `hostname`, `timestamp`) VALUES
(12034, 0, 'php', '%type: @message in %function (line %line of %file) @backtrace_string.', 0x[encoded data, 23690 characters], 5, '', 'http://gbmm.com/f/home1?destination=%2Ff%2Fhome1', 'http://gbmm.com/f/', '68.6.107.219', 1552146153),
(12035, 0, 'php', '%type: @message in %function (line %line of %file) @backtrace_string.', 0x[encoded data, 23690 characters], 5, '', 'http://gbmm.com/f/home1?destination=%2Ff%2Fhome1', 'http://gbmm.com/f/', '68.6.107.219', 1552146154);
INSERT INTO `watchdog` (`wid`, `uid`, `type`, `message`, `variables`, `severity`, `link`, `location`, `referer`, `hostname`, `timestamp`) VALUES
(12036, 0, 'php', '%type: @message in %function (line %line of %file) @backtrace_string.', 0x[encoded data, 23690 characters], 5, '', 'http://gbmm.com/f/home1?destination=%2Ff%2Fhome1', 'http://gbmm.com/f/', '68.6.107.219', 1552146154),
(12037, 0, 'php', '%type: @message in %function (line %line of %file) @backtrace_string.', 0x[encoded data, 23690 characters], 5, '', 'http://gbmm.com/f/home1?destination=%2Ff%2Fhome1', 'http://gbmm.com/f/', '68.6.107.219', 1552146155);
INSERT INTO `watchdog` (`wid`, `uid`, `type`, `message`, `variables`, `severity`, `link`, `location`, `referer`, `hostname`, `timestamp`) VALUES
(12038, 0, 'php', '%type: @message in %function (line %line of %file) @backtrace_string.', 0x[encoded data, 23690 characters], 5, '', 'http://gbmm.com/f/home1?destination=%2Ff%2Fhome1', 'http://gbmm.com/f/', '68.6.107.219', 1552146155),
(12039, 0, 'php', '%type: @message in %function (line %line of %file) @backtrace_string.', 0x[encoded data, 23690 characters], 5, '', 'http://gbmm.com/f/home1?destination=%2Ff%2Fhome1', 'http://gbmm.com/f/', '68.6.107.219', 1552146156);
INSERT INTO `watchdog` (`wid`, `uid`, `type`, `message`, `variables`, `severity`, `link`, `location`, `referer`, `hostname`, `timestamp`) VALUES
(12040, 0, 'php', '%type: @message in %function (line %line of %file) @backtrace_string.', 0x[encoded data, 23690 characters], 5, '', 'http://gbmm.com/f/home1?destination=%2Ff%2Fhome1', 'http://gbmm.com/f/', '68.6.107.219', 1552146156),
(12041, 0, 'php', '%type: @message in %function (line %line of %file) @backtrace_string.', 0x[encoded data, 23690 characters], 5, '', 'http://gbmm.com/f/home1?destination=%2Ff%2Fhome1', 'http://gbmm.com/f/', '68.6.107.219', 1552146156);
